e?
True
Is 8531987 a prime number?
False
Is 224197 a composite number?
False
Is 25092527 composite?
True
Is 2852457 a prime number?
False
Is 927930517 a composite number?
False
Is 3651047 prime?
False
Is 13243621 a composite number?
False
Is 31999459 prime?
True
Is 906569411 prime?
False
Is 61207999 a composite number?
False
Is 2376511 prime?
False
Is 1876841 a prime number?
True
Is 44087963 a prime number?
False
Is 3783563 a composite number?
True
Is 77497123 composite?
True
Is 65975906 composite?
True
Is 9675433 composite?
True
Is 18707917 prime?
True
Is 5159333 prime?
False
Is 137504837 a prime number?
False
Is 460036751 a composite number?
True
Is 28133083 prime?
False
Is 19378633 composite?
False
Is 5425709 a prime number?
True
Is 37869163 a composite number?
False
Is 203131529 prime?
True
Is 61803493 a composite number?
True
Is 969233 prime?
True
Is 7880287 composite?
False
Is 9844727 a composite number?
False
Is 36546473 composite?
False
Is 6359897 composite?
False
Is 13873115 a composite number?
True
Is 330391361 a prime number?
False
Is 296859113 prime?
True
Is 38446201 a composite number?
False
Is 434127 a prime number?
False
Is 133089641 a prime number?
False
Is 205046573 a prime number?
False
Is 987011 composite?
True
Is 327337765 prime?
False
Is 110969102 a composite number?
True
Is 31746919 a composite number?
True
Is 96620047 a prime number?
True
Is 4028573 a prime number?
True
Is 2201179 composite?
True
Is 107997097 a composite number?
True
Is 242909 composite?
True
Is 100581749 prime?
True
Is 77723047 a prime number?
True
Is 617820713 composite?
False
Is 27833329 prime?
True
Is 10467143 composite?
False
Is 7333217 prime?
False
Is 166662131 a prime number?
True
Is 215193569 a prime number?
False
Is 80348219 prime?
False
Is 1260419 a prime number?
True
Is 294062138 prime?
False
Is 39585817 prime?
True
Is 4330411 prime?
False
Is 17391835 composite?
True
Is 47049809 a prime number?
True
Is 65565977 prime?
True
Is 6732451 a composite number?
True
Is 9303961 a prime number?
True
Is 1055885 composite?
True
Is 74081191 a composite number?
False
Is 878893 a prime number?
True
Is 492721963 a prime number?
False
Is 1571279 a prime number?
False
Is 2182897 a composite number?
False
Is 4684177 composite?
False
Is 48206131 a composite number?
True
Is 225198263 prime?
False
Is 50091043 composite?
True
Is 5932217 composite?
False
Is 56486037 a prime number?
False
Is 520529 prime?
True
Is 1147297 a prime number?
True
Is 4311121 composite?
False
Is 200027077 prime?
False
Is 160039 prime?
False
Is 756247 prime?
True
Is 1722197 prime?
False
Is 5214413 composite?
False
Is 30172421 a prime number?
True
Is 11340239 composite?
True
Is 6062845 prime?
False
Is 1163933 prime?
False
Is 83847401 a composite number?
True
Is 32607187 prime?
True
Is 11704233 prime?
False
Is 16653137 a composite number?
False
Is 1209657 prime?
False
Is 3680503 composite?
False
Is 9357247 composite?
False
Is 3939515 a prime number?
False
Is 71429947 prime?
True
Is 567382007 composite?
False
Is 201862091 composite?
False
Is 21387929 a prime number?
True
Is 1313819 prime?
False
Is 387253 a prime number?
True
Is 973781 a composite number?
False
Is 691853 a prime number?
False
Is 15493 a prime number?
True
Is 418550389 composite?
True
Is 76715081 a prime number?
True
Is 26494337 a prime number?
True
Is 278905423 composite?
False
Is 9351453 a prime number?
False
Is 148618907 a composite number?
False
Is 7731239 a prime number?
True
Is 14208287 composite?
False
Is 42302759 a prime number?
False
Is 118336871 composite?
False
Is 1153631 composite?
True
Is 9970327 prime?
False
Is 67103941 a prime number?
False
Is 43633511 composite?
True
Is 1917463 composite?
False
Is 114427933 prime?
True
Is 77628251 a prime number?
False
Is 2235197 prime?
False
Is 59670341 prime?
True
Is 267174127 composite?
True
Is 50416213 a prime number?
True
Is 2717993 a prime number?
True
Is 65041642 composite?
True
Is 20269 composite?
False
Is 1262891 a composite number?
True
Is 7973047 a composite number?
False
Is 875547219 prime?
False
Is 53141239 a composite number?
False
Is 88583289 prime?
False
Is 2034254383 prime?
False
Is 34032237 a prime number?
False
Is 101661211 a prime number?
False
Is 888389 prime?
True
Is 71007 composite?
True
Is 6691577 a composite number?
False
Is 10228573 a prime number?
False
Is 11849609 a prime number?
False
Is 170294531 a composite number?
True
Is 298824719 composite?
False
Is 10039759 a composite number?
True
Is 167285309 a composite number?
False
Is 455070353 a prime number?
True
Is 310771 a prime number?
True
Is 2152762 composite?
True
Is 11592659 a composite number?
True
Is 8664281 a prime number?
False
Is 426775357 a prime number?
False
Is 403603 prime?
True
Is 361489409 a prime number?
True
Is 1619789 composite?
True
Is 1920991 a composite number?
False
Is 66066043 composite?
False
Is 7595867 composite?
False
Is 223914437 prime?
True
Is 275600251 a prime number?
True
Is 168109 a composite number?
False
Is 1792741 a prime number?
False
Is 1230629 composite?
False
Is 2211051 prime?
False
Is 60865193 a prime number?
False
Is 25090121 a composite number?
True
Is 1075643 a prime number?
True
Is 44003 a composite number?
True
Is 8938253 prime?
True
Is 23682277 prime?
False
Is 52378793 a composite number?
True
Is 675382207 prime?
True
Is 134183243 prime?
False
Is 69476819 composite?
False
Is 637112642 composite?
True
Is 2431133 composite?
True
Is 62429485 prime?
False
Is 460901033 composite?
False
Is 286317569 a prime number?
True
Is 126273967 composite?
True
Is 246802531 composite?
False
Is 18064289 composite?
True
Is 12291607 composite?
False
Is 222985531 a composite number?
True
Is 1652479 a prime number?
True
Is 57952907 prime?
False
Is 528919 a prime number?
False
Is 29262617 a prime number?
True
Is 84309529 prime?
True
Is 55291 composite?
False
Is 16063463 a composite number?
True
Is 480709 a prime number?
False
Is 127504751 composite?
True
Is 4974479 composite?
False
Is 235876997 a composite number?
False
Is 381050329 composite?
True
Is 1344467 a prime number?
False
Is 1849577 a composite number?
False
Is 8878647 a prime number?
False
Is 32623747 a composite number?
True
Is 1424399 prime?
True
Is 245111 a prime number?
False
Is 8853139 a prime number?
True
Is 2448307 prime?
False
Is 757747 a composite number?
True
Is 2361607 prime?
True
Is 544105 composite?
True
Is 12671531 a composite number?
False
Is 1513080007 a composite number?
True
Is 28513081 a prime number?
False
Is 1901489 a prime number?
True
Is 17307671 a prime number?
True
Is 29166821 prime?
True
Is 223026253 a prime number?
True
Is 6064051 prime?
False
Is 5307421 composite?
True
Is 14001907 a prime number?
True
Is 6632959 a prime number?
False
Is 330888101 composite?
False
Is 930301 composite?
False
Is 28839365 composite?
True
Is 18336901 prime?
False
Is 6997829 a composite number?
True
Is 25491259 a composite number?
False
Is 1336309 prime?
False
Is 1756991 a prime number?
True
Is 1327631 prime?
True
Is 21458951 a prime number?
False
Is 340069 prime?
False
Is 134147099 prime?
True
Is 1249399 a prime number?
False
Is 94518713 prime?
True
Is 69971081 composite?
True
Is 3126187 a composite number?
False
Is 10776817 composite?
False
Is 1538519 a prime number?
True
Is 17358193 a prime number?
True
Is 61718131 a prime number?
False
Is 8838727 composite?
False
Is 2767699 prime?
False
Is 1029803 a composite number?
False
Is 31095041 prime?
True
Is 4039127 prime?
True
Is 2144837 a composite number?
False
Is 83497441 a prime number?
True
Is 8329157 a prime number?
True
Is 9973943 a prime number?
False
Is 8701631 a prime number?
True
Is 283246069 a prime number?
False
Is 630101 a composite number?
False
Is 14099971 a composite number?
False
Is 275783 a prime number?
True
Is 994429 prime?
False
Is 1100122807 a composite number?
True
Is 14652093 composite?
True
Is 1436483 prime?
False
Is 968953 a prime number?
False
Is 26452639 composite?
True
Is 39634913 composite?
False
Is 165299467 composite?
False
Is 7556053 composite?
True
Is 30158587 composite?
False
Is 149711 prime?
True
Is 43393049 a prime number?
False
Is 92450933 a prime number?
True
Is 18475357 prime?
False
Is 228985143 a composite number?
True
Is 21280